{"id":65,"date":"2016-10-18T11:19:13","date_gmt":"2016-10-18T09:19:13","guid":{"rendered":"http:\/\/pernolifont.fr\/?page_id=65"},"modified":"2016-10-18T11:31:43","modified_gmt":"2016-10-18T09:31:43","slug":"faux-plafond","status":"publish","type":"page","link":"https:\/\/pernolifont.fr\/index.php\/faux-plafond\/","title":{"rendered":"Faux plafond"},"content":{"rendered":"<h1>Vous recherchez une entreprise pour la fourniture et la pose de faux plafond sur Carpentras, Avignon, Orange ou Cavaillon?<\/h1>\n<p>PERNO LI FONT est sp\u00e9cialis\u00e9 dans la pose de faux plafond suspendu.<\/p>\n<p><span style=\"text-decoration: underline;\"><strong>Nos r\u00e9alisations :<\/strong><\/span><\/p>\n<div class=\"csRow\">\n<div class=\"csColumnGap\" style=\"margin: 0px; padding: 0px; width: 1.56%; float: left;\"><img style=\"border: medium;\" src=\"http:\/\/pernolifont.fr\/wp-content\/plugins\/advanced-wp-columns\/assets\/js\/plugins\/views\/img\/1x1-pixel.png\" \/><\/div>\n<div class=\"csColumn\" style=\"margin: 0px; padding: 0px; width: 23%; float: left;\" data-csstartpoint=\"15\" data-csendpoint=\"236.25\" data-cswidth=\"23.0%\" data-csid=\"21f572b7-4958-172f-bb92-9aafc8e2438e\">\n<figure id=\"attachment_68\" aria-describedby=\"caption-attachment-68\" style=\"width: 300px\" class=\"wp-caption alignnone\"><a href=\"http:\/\/pernolifont.fr\/wp-content\/uploads\/2016\/10\/PERNO-LI-FONT-realisation-faux-plafond-Carpentras.jpg\"><img loading=\"lazy\" class=\"size-medium wp-image-68\" src=\"http:\/\/pernolifont.fr\/wp-content\/uploads\/2016\/10\/PERNO-LI-FONT-realisation-faux-plafond-Carpentras-300x200.jpg\" alt=\"PERNO LI FONT realisation faux plafond Carpentras\" width=\"300\" height=\"200\" srcset=\"https:\/\/pernolifont.fr\/wp-content\/uploads\/2016\/10\/PERNO-LI-FONT-realisation-faux-plafond-Carpentras-300x200.jpg 300w, https:\/\/pernolifont.fr\/wp-content\/uploads\/2016\/10\/PERNO-LI-FONT-realisation-faux-plafond-Carpentras-230x154.jpg 230w, https:\/\/pernolifont.fr\/wp-content\/uploads\/2016\/10\/PERNO-LI-FONT-realisation-faux-plafond-Carpentras-350x234.jpg 350w, https:\/\/pernolifont.fr\/wp-content\/uploads\/2016\/10\/PERNO-LI-FONT-realisation-faux-plafond-Carpentras.jpg 424w\" sizes=\"(max-width: 300px) 100vw, 300px\" \/><\/a><figcaption id=\"caption-attachment-68\" class=\"wp-caption-text\">Travaux de r\u00e9novation \u00e0 Carpentras<\/figcaption><\/figure>\n<\/div>\n<div class=\"csColumnGap\" style=\"margin: 0px; padding: 0px; width: 1.56%; float: left;\"><img style=\"border: medium;\" src=\"http:\/\/pernolifont.fr\/wp-content\/plugins\/advanced-wp-columns\/assets\/js\/plugins\/views\/img\/1x1-pixel.png\" \/><\/div>\n<div class=\"csColumn\" style=\"margin: 0px; padding: 0px; width: 23%; float: left;\" data-csstartpoint=\"251.25\" data-csendpoint=\"472.5\" data-cswidth=\"23.0%\" data-csid=\"977c7543-0b69-212e-9ea4-d0459faf10ab\">\n<figure id=\"attachment_69\" aria-describedby=\"caption-attachment-69\" style=\"width: 300px\" class=\"wp-caption alignnone\"><a href=\"http:\/\/pernolifont.fr\/wp-content\/uploads\/2016\/10\/PERNO-LI-FONT-faux-plafond-Avignon.jpg\"><img loading=\"lazy\" class=\"size-medium wp-image-69\" src=\"http:\/\/pernolifont.fr\/wp-content\/uploads\/2016\/10\/PERNO-LI-FONT-faux-plafond-Avignon-300x200.jpg\" alt=\"PERNO LI FONT faux plafond Avignon\" width=\"300\" height=\"200\" srcset=\"https:\/\/pernolifont.fr\/wp-content\/uploads\/2016\/10\/PERNO-LI-FONT-faux-plafond-Avignon-300x200.jpg 300w, https:\/\/pernolifont.fr\/wp-content\/uploads\/2016\/10\/PERNO-LI-FONT-faux-plafond-Avignon-230x154.jpg 230w, https:\/\/pernolifont.fr\/wp-content\/uploads\/2016\/10\/PERNO-LI-FONT-faux-plafond-Avignon-350x234.jpg 350w, https:\/\/pernolifont.fr\/wp-content\/uploads\/2016\/10\/PERNO-LI-FONT-faux-plafond-Avignon.jpg 424w\" sizes=\"(max-width: 300px) 100vw, 300px\" \/><\/a><figcaption id=\"caption-attachment-69\" class=\"wp-caption-text\">Pose d&#8217;une ossature m\u00e9tallique au plafond<\/figcaption><\/figure>\n<\/div>\n<div class=\"csColumnGap\" style=\"margin: 0px; padding: 0px; width: 1.56%; float: left;\"><img style=\"border: medium;\" src=\"http:\/\/pernolifont.fr\/wp-content\/plugins\/advanced-wp-columns\/assets\/js\/plugins\/views\/img\/1x1-pixel.png\" \/><\/div>\n<div class=\"csColumn\" style=\"margin: 0px; padding: 0px; width: 23%; float: left;\" data-csstartpoint=\"487.5\" data-csendpoint=\"708.75\" data-cswidth=\"23.0%\" data-csid=\"4e069e71-60a5-4175-9137-a9a14174a3df\">\n<figure id=\"attachment_70\" aria-describedby=\"caption-attachment-70\" style=\"width: 200px\" class=\"wp-caption alignnone\"><a href=\"http:\/\/pernolifont.fr\/wp-content\/uploads\/2016\/10\/PERNO-LI-FONT-faux-plafond-Carpentras.jpg\"><img loading=\"lazy\" class=\"size-medium wp-image-70\" src=\"http:\/\/pernolifont.fr\/wp-content\/uploads\/2016\/10\/PERNO-LI-FONT-faux-plafond-Carpentras-200x300.jpg\" alt=\"PERNO LI FONT faux plafond Carpentras\" width=\"200\" height=\"300\" srcset=\"https:\/\/pernolifont.fr\/wp-content\/uploads\/2016\/10\/PERNO-LI-FONT-faux-plafond-Carpentras-200x300.jpg 200w, https:\/\/pernolifont.fr\/wp-content\/uploads\/2016\/10\/PERNO-LI-FONT-faux-plafond-Carpentras-230x345.jpg 230w, https:\/\/pernolifont.fr\/wp-content\/uploads\/2016\/10\/PERNO-LI-FONT-faux-plafond-Carpentras.jpg 283w\" sizes=\"(max-width: 200px) 100vw, 200px\" \/><\/a><figcaption id=\"caption-attachment-70\" class=\"wp-caption-text\">Pose de plaques de pl\u00e2tre<\/figcaption><\/figure>\n<\/div>\n<div class=\"csColumnGap\" style=\"margin: 0px; padding: 0px; width: 1.56%; float: left;\"><img style=\"border: medium;\" src=\"http:\/\/pernolifont.fr\/wp-content\/plugins\/advanced-wp-columns\/assets\/js\/plugins\/views\/img\/1x1-pixel.png\" \/><\/div>\n<div class=\"csColumn\" style=\"margin: 0px; padding: 0px; width: 23%; float: left;\" data-csstartpoint=\"723.75\" data-csendpoint=\"945\" data-cswidth=\"23.0%\" data-csid=\"5d2f9077-9552-5888-bc4b-2aad1e9ae0ab\">\n<figure id=\"attachment_71\" aria-describedby=\"caption-attachment-71\" style=\"width: 300px\" class=\"wp-caption alignnone\"><a href=\"http:\/\/pernolifont.fr\/wp-content\/uploads\/2016\/10\/PERNO-LI-FONT-faux-plafond-Vaucluse.jpg\"><img loading=\"lazy\" class=\"size-medium wp-image-71\" src=\"http:\/\/pernolifont.fr\/wp-content\/uploads\/2016\/10\/PERNO-LI-FONT-faux-plafond-Vaucluse-300x200.jpg\" alt=\"PERNO LI FONT faux plafond Vaucluse\" width=\"300\" height=\"200\" srcset=\"https:\/\/pernolifont.fr\/wp-content\/uploads\/2016\/10\/PERNO-LI-FONT-faux-plafond-Vaucluse-300x200.jpg 300w, https:\/\/pernolifont.fr\/wp-content\/uploads\/2016\/10\/PERNO-LI-FONT-faux-plafond-Vaucluse-230x154.jpg 230w, https:\/\/pernolifont.fr\/wp-content\/uploads\/2016\/10\/PERNO-LI-FONT-faux-plafond-Vaucluse-350x234.jpg 350w, https:\/\/pernolifont.fr\/wp-content\/uploads\/2016\/10\/PERNO-LI-FONT-faux-plafond-Vaucluse.jpg 424w\" sizes=\"(max-width: 300px) 100vw, 300px\" \/><\/a><figcaption id=\"caption-attachment-71\" class=\"wp-caption-text\">R\u00e9alisation des joints<\/figcaption><\/figure>\n<\/div>\n<div class=\"csColumnGap\" style=\"margin: 0px; padding: 0px; width: 1.56%; float: left;\"><img style=\"border: medium;\" src=\"http:\/\/pernolifont.fr\/wp-content\/plugins\/advanced-wp-columns\/assets\/js\/plugins\/views\/img\/1x1-pixel.png\" \/><\/div>\n<div style=\"width: 0px; line-height: 0; clear: both; font-size: 0px; display: block; visibility: hidden; float: none;\"><\/div>\n<\/div>\n<p><u><b>Nos Prestations :<\/b><\/u><\/p>\n<p>-Pose de faux plafond isol\u00e9 \u00e0 Carpentras, Avignon, Orange ou Cavaillon,<\/p>\n<p>-Pose de faux plafond hautes performances phoniques et coupe-feu \u00e0 Carpentras, Avignon, Orange ou Cavaillon,<\/p>\n<p>-Pose de faux plafond suspendu \u00e0 Carpentras, Avignon, Orange ou Cavaillon,<\/p>\n<p>-Pose de faux plafond sur ossature m\u00e9tallique \u00e0 Carpentras, Avignon, Orange ou Cavaillon,<\/p>\n","protected":false},"excerpt":{"rendered":"<p>Vous recherchez une entreprise pour la fourniture et la pose de faux plafond sur Carpentras, Avignon, Orange ou Cavaillon? PERNO LI FONT est sp\u00e9cialis\u00e9 dans la pose de faux plafond suspendu. Nos r\u00e9alisations : Nos Prestations : -Pose de faux plafond isol\u00e9 \u00e0 Carpentras, Avignon, Orange ou Cavaillon, -Pose de faux plafond hautes performances phoniques [&hellip;]<\/p>\n","protected":false},"author":1,"featured_media":0,"parent":0,"menu_order":0,"comment_status":"closed","ping_status":"closed","template":"","meta":[],"_links":{"self":[{"href":"https:\/\/pernolifont.fr\/index.php\/wp-json\/wp\/v2\/pages\/65"}],"collection":[{"href":"https:\/\/pernolifont.fr\/index.php\/wp-json\/wp\/v2\/pages"}],"about":[{"href":"https:\/\/pernolifont.fr\/index.php\/wp-json\/wp\/v2\/types\/page"}],"author":[{"embeddable":true,"href":"https:\/\/pernolifont.fr\/index.php\/wp-json\/wp\/v2\/users\/1"}],"replies":[{"embeddable":true,"href":"https:\/\/pernolifont.fr\/index.php\/wp-json\/wp\/v2\/comments?post=65"}],"version-history":[{"count":3,"href":"https:\/\/pernolifont.fr\/index.php\/wp-json\/wp\/v2\/pages\/65\/revisions"}],"predecessor-version":[{"id":67,"href":"https:\/\/pernolifont.fr\/index.php\/wp-json\/wp\/v2\/pages\/65\/revisions\/67"}],"wp:attachment":[{"href":"https:\/\/pernolifont.fr\/index.php\/wp-json\/wp\/v2\/media?parent=65"}],"curies":[{"name":"wp","href":"https:\/\/api.w.org\/{rel}","templated":true}]}}