{"id":116,"date":"2016-10-18T13:10:52","date_gmt":"2016-10-18T11:10:52","guid":{"rendered":"http:\/\/pernolifont.fr\/?page_id=116"},"modified":"2016-10-18T13:32:29","modified_gmt":"2016-10-18T11:32:29","slug":"faut-savoir-dentreprendre-travaux-de-renovation","status":"publish","type":"page","link":"https:\/\/pernolifont.fr\/index.php\/faut-savoir-dentreprendre-travaux-de-renovation\/","title":{"rendered":"Que faut-il savoir avant d\u2019entreprendre des travaux de r\u00e9novation?"},"content":{"rendered":"<h1><b>Comment PERNO LI FONT vous conseille avant tous travaux de r\u00e9novation sur Carpentras, Avignon, Orange et Cavaillon.<\/b><\/h1>\n<p><a href=\"http:\/\/pernolifont.fr\/wp-content\/uploads\/2016\/10\/IMG_0157.jpg\"><img loading=\"lazy\" class=\"wp-image-124 aligncenter\" src=\"http:\/\/pernolifont.fr\/wp-content\/uploads\/2016\/10\/IMG_0157-1024x1024.jpg\" alt=\"PERNO LI FONT travaux de r\u00e9novation Carpentras\" width=\"400\" height=\"400\" srcset=\"https:\/\/pernolifont.fr\/wp-content\/uploads\/2016\/10\/IMG_0157-1024x1024.jpg 1024w, https:\/\/pernolifont.fr\/wp-content\/uploads\/2016\/10\/IMG_0157-150x150.jpg 150w, https:\/\/pernolifont.fr\/wp-content\/uploads\/2016\/10\/IMG_0157-300x300.jpg 300w, https:\/\/pernolifont.fr\/wp-content\/uploads\/2016\/10\/IMG_0157-768x768.jpg 768w, https:\/\/pernolifont.fr\/wp-content\/uploads\/2016\/10\/IMG_0157-830x830.jpg 830w, https:\/\/pernolifont.fr\/wp-content\/uploads\/2016\/10\/IMG_0157-230x230.jpg 230w, https:\/\/pernolifont.fr\/wp-content\/uploads\/2016\/10\/IMG_0157-350x350.jpg 350w, https:\/\/pernolifont.fr\/wp-content\/uploads\/2016\/10\/IMG_0157-480x480.jpg 480w, https:\/\/pernolifont.fr\/wp-content\/uploads\/2016\/10\/IMG_0157.jpg 1600w\" sizes=\"(max-width: 400px) 100vw, 400px\" \/><\/a><\/p>\n<p>Avant d\u2019acheter dans l\u2019ancien ou de r\u00e9nover sa maison, il convient de mesurer l\u2019importance des t\u00e2ches qu\u2019il va falloir entreprendre pour atteindre les niveaux de performance requis.<\/p>\n<p>Les besoins sont immenses puisque 60% des logements ont \u00e9t\u00e9 construits avant toute r\u00e9glementation thermique. L\u2019\u00e9cart s\u2019amplifie avec le neuf qui affiche de r\u00e9elles performances depuis 2013 (RT 2012).<\/p>\n<p>Une r\u00e9novation peut s\u2019av\u00e9rer inefficace, voire m\u00eame dommageable. 25% des logements fran\u00e7ais sont touch\u00e9s par l\u2019humidit\u00e9 et les moisissures dans les murs. Or, les mat\u00e9riaux humides augmentent la conductibilit\u00e9 thermique, qui augmente les consommations de chauffage.<\/p>\n<p>Une isolation par l\u2019int\u00e9rieur dans un b\u00e2ti ancien est b\u00e9n\u00e9fique pour seulement 31% des cas.<\/p>\n<h2>Une r\u00e9novation thermique peut s\u2019\u00e9valuer en profit :<\/h2>\n<p>La somme des \u00e9conomies d\u2019\u00e9nergie apr\u00e8s r\u00e9novation + l\u2019augmentation de la valeur du bien \u00e0 la revente avec une meilleure \u00e9tiquette sur le DPE (Diagnostic de Performance Energ\u00e9tique)<\/p>\n<p>Il faut donc consid\u00e9rer le rapport entre l\u2019investissement en travaux et le profit pour \u00e9valuer l\u2019int\u00e9r\u00eat de l\u2019op\u00e9ration.<\/p>\n<p>PERNO LI FONT vous accompagne dans vos projets de r\u00e9novation, mesure les besoins et \u00e9value les solutions les plus appropri\u00e9es.<\/p>\n","protected":false},"excerpt":{"rendered":"<p>Comment PERNO LI FONT vous conseille avant tous travaux de r\u00e9novation sur Carpentras, Avignon, Orange et Cavaillon. Avant d\u2019acheter dans l\u2019ancien ou de r\u00e9nover sa maison, il convient de mesurer l\u2019importance des t\u00e2ches qu\u2019il va falloir entreprendre pour atteindre les niveaux de performance requis. Les besoins sont immenses puisque 60% des logements ont \u00e9t\u00e9 construits [&hellip;]<\/p>\n","protected":false},"author":1,"featured_media":0,"parent":0,"menu_order":0,"comment_status":"closed","ping_status":"closed","template":"","meta":[],"_links":{"self":[{"href":"https:\/\/pernolifont.fr\/index.php\/wp-json\/wp\/v2\/pages\/116"}],"collection":[{"href":"https:\/\/pernolifont.fr\/index.php\/wp-json\/wp\/v2\/pages"}],"about":[{"href":"https:\/\/pernolifont.fr\/index.php\/wp-json\/wp\/v2\/types\/page"}],"author":[{"embeddable":true,"href":"https:\/\/pernolifont.fr\/index.php\/wp-json\/wp\/v2\/users\/1"}],"replies":[{"embeddable":true,"href":"https:\/\/pernolifont.fr\/index.php\/wp-json\/wp\/v2\/comments?post=116"}],"version-history":[{"count":3,"href":"https:\/\/pernolifont.fr\/index.php\/wp-json\/wp\/v2\/pages\/116\/revisions"}],"predecessor-version":[{"id":125,"href":"https:\/\/pernolifont.fr\/index.php\/wp-json\/wp\/v2\/pages\/116\/revisions\/125"}],"wp:attachment":[{"href":"https:\/\/pernolifont.fr\/index.php\/wp-json\/wp\/v2\/media?parent=116"}],"curies":[{"name":"wp","href":"https:\/\/api.w.org\/{rel}","templated":true}]}}