{"id":109,"date":"2016-10-18T13:03:35","date_gmt":"2016-10-18T11:03:35","guid":{"rendered":"http:\/\/pernolifont.fr\/?page_id=109"},"modified":"2016-10-18T13:07:53","modified_gmt":"2016-10-18T11:07:53","slug":"pourquoi-la-renovation-thermique","status":"publish","type":"page","link":"https:\/\/pernolifont.fr\/index.php\/pourquoi-la-renovation-thermique\/","title":{"rendered":"Pourquoi la r\u00e9novation thermique?"},"content":{"rendered":"<h1>La r\u00e9novation thermique.<\/h1>\n<p>Il est indispensable d\u2019envisager tout projet de modification de son logement sous l\u2019angle d\u2019une r\u00e9novation thermique. Elle sera obligatoire par rapport \u00e0 l\u2019\u00e9volution des r\u00e8glementations et afin de pr\u00e9server la valeur patrimoniale du bien.<\/p>\n<p>Actuellement, moins de 1% des logements fran\u00e7ais ont un niveau de performance thermique correcte (A).<\/p>\n<p>La grande majorit\u00e9 des logements laissent \u00e9chapper les calories \u00e0 flux continu.<\/p>\n<div class=\"csRow\">\n<div class=\"csColumnGap\" style=\"margin: 0px; padding: 0px; width: 1.56%; float: left;\"><img style=\"border: medium;\" src=\"http:\/\/pernolifont.fr\/wp-content\/plugins\/advanced-wp-columns\/assets\/js\/plugins\/views\/img\/1x1-pixel.png\" \/><\/div>\n<div class=\"csColumn\" style=\"margin: 0px; padding: 0px; width: 47.7%; float: left;\" data-csstartpoint=\"15\" data-csendpoint=\"472.5\" data-cswidth=\"47.7%\" data-csid=\"403bd744-93a3-477e-8d7c-a0c58c97a238\">\n<p><a href=\"http:\/\/pernolifont.fr\/wp-content\/uploads\/2016\/10\/PERNO-LI-FONT-renovation-thermique-Carpentras.jpg\"><img loading=\"lazy\" class=\"alignnone size-full wp-image-112\" src=\"http:\/\/pernolifont.fr\/wp-content\/uploads\/2016\/10\/PERNO-LI-FONT-renovation-thermique-Carpentras.jpg\" alt=\"PERNO LI FONT r\u00e9novation thermique \u00e0 Carpentras\" width=\"346\" height=\"346\" srcset=\"https:\/\/pernolifont.fr\/wp-content\/uploads\/2016\/10\/PERNO-LI-FONT-renovation-thermique-Carpentras.jpg 346w, https:\/\/pernolifont.fr\/wp-content\/uploads\/2016\/10\/PERNO-LI-FONT-renovation-thermique-Carpentras-150x150.jpg 150w, https:\/\/pernolifont.fr\/wp-content\/uploads\/2016\/10\/PERNO-LI-FONT-renovation-thermique-Carpentras-300x300.jpg 300w, https:\/\/pernolifont.fr\/wp-content\/uploads\/2016\/10\/PERNO-LI-FONT-renovation-thermique-Carpentras-230x230.jpg 230w\" sizes=\"(max-width: 346px) 100vw, 346px\" \/><\/a><\/p>\n<\/div>\n<div class=\"csColumnGap\" style=\"margin: 0px; padding: 0px; width: 1.56%; float: left;\"><img style=\"border: medium;\" src=\"http:\/\/pernolifont.fr\/wp-content\/plugins\/advanced-wp-columns\/assets\/js\/plugins\/views\/img\/1x1-pixel.png\" \/><\/div>\n<div class=\"csColumn\" style=\"margin: 0px; padding: 0px; width: 47.7%; float: left;\" data-csstartpoint=\"487.5\" data-csendpoint=\"945\" data-cswidth=\"47.7%\" data-csid=\"9c507b92-1e2f-a804-a4fe-c421e8e58c1e\">\n<h2>Les principales pertes de chaleur d\u2019une maison individuelle non isol\u00e9e :<\/h2>\n<p>-Toiture \u2248 30%<\/p>\n<p>-Murs \u2248 25%<\/p>\n<p>-Vitres \u2248 13%<\/p>\n<p>-Air renouvel\u00e9 (ventilation) \u2248 20%<\/p>\n<p>-Sols \u2248 7%<\/p>\n<p>-Ponts thermiques \u2248 5%<\/p>\n<\/div>\n<div class=\"csColumnGap\" style=\"margin: 0px; padding: 0px; width: 1.56%; float: left;\"><img style=\"border: medium;\" src=\"http:\/\/pernolifont.fr\/wp-content\/plugins\/advanced-wp-columns\/assets\/js\/plugins\/views\/img\/1x1-pixel.png\" \/><\/div>\n<div style=\"width: 0px; line-height: 0; clear: both; font-size: 0px; display: block; visibility: hidden; float: none;\"><\/div>\n<\/div>\n<p>&nbsp;<\/p>\n<p>Au-del\u00e0 de la participation \u00e0 la lutte contre le r\u00e9chauffement climatique, 3 grandes motivations conduisent \u00e0 mener ces travaux :<\/p>\n<p>-R\u00e9duire ses consommations d\u2019\u00e9nergies et ses factures mensuelles,<\/p>\n<p>-Augmenter ou pr\u00e9server la valeur patrimoniale de son bien immobilier,<\/p>\n<p>-Am\u00e9liorer son confort<\/p>\n<h2><b>La r\u00e9novation thermique vue par PERNO LI FONT sur Carpentras<\/b> <b>et Avignon.<\/b><\/h2>\n<p>PERNO LI FONT met \u00e0 votre disposition une \u00e9quipe d\u2019experts afin d\u2019\u00e9tablir une \u00e9tude pr\u00e9cise de l\u2019existant.<\/p>\n<p>Cet audit va apporter une vision bien plus affin\u00e9e des performances \u00e9nerg\u00e9tiques afin de rep\u00e9rer les d\u00e9fauts, pr\u00e9coniser, hi\u00e9rarchiser, planifier et budg\u00e9ter les travaux.<\/p>\n<p>Am\u00e9liorer son confort est l\u2019objectif primordial. Or, cela fait r\u00e9f\u00e9rence \u00e0 des notions de bien-\u00eatre qui n\u2019entre pas dans les logiciels des thermiciens pour la r\u00e9novation.<\/p>\n<p>C\u2019est Pourquoi PERNO LI FONT propose des solutions peu on\u00e9reuses, jamais propos\u00e9es, ni valoris\u00e9es dans les DPE (Diagnostic de Performance Energ\u00e9tique)<\/p>\n","protected":false},"excerpt":{"rendered":"<p>La r\u00e9novation thermique. Il est indispensable d\u2019envisager tout projet de modification de son logement sous l\u2019angle d\u2019une r\u00e9novation thermique. Elle sera obligatoire par rapport \u00e0 l\u2019\u00e9volution des r\u00e8glementations et afin de pr\u00e9server la valeur patrimoniale du bien. Actuellement, moins de 1% des logements fran\u00e7ais ont un niveau de performance thermique correcte (A). La grande majorit\u00e9 [&hellip;]<\/p>\n","protected":false},"author":1,"featured_media":0,"parent":0,"menu_order":0,"comment_status":"closed","ping_status":"closed","template":"","meta":[],"_links":{"self":[{"href":"https:\/\/pernolifont.fr\/index.php\/wp-json\/wp\/v2\/pages\/109"}],"collection":[{"href":"https:\/\/pernolifont.fr\/index.php\/wp-json\/wp\/v2\/pages"}],"about":[{"href":"https:\/\/pernolifont.fr\/index.php\/wp-json\/wp\/v2\/types\/page"}],"author":[{"embeddable":true,"href":"https:\/\/pernolifont.fr\/index.php\/wp-json\/wp\/v2\/users\/1"}],"replies":[{"embeddable":true,"href":"https:\/\/pernolifont.fr\/index.php\/wp-json\/wp\/v2\/comments?post=109"}],"version-history":[{"count":3,"href":"https:\/\/pernolifont.fr\/index.php\/wp-json\/wp\/v2\/pages\/109\/revisions"}],"predecessor-version":[{"id":113,"href":"https:\/\/pernolifont.fr\/index.php\/wp-json\/wp\/v2\/pages\/109\/revisions\/113"}],"wp:attachment":[{"href":"https:\/\/pernolifont.fr\/index.php\/wp-json\/wp\/v2\/media?parent=109"}],"curies":[{"name":"wp","href":"https:\/\/api.w.org\/{rel}","templated":true}]}}