{"id":102,"date":"2016-10-18T12:55:57","date_gmt":"2016-10-18T10:55:57","guid":{"rendered":"http:\/\/pernolifont.fr\/?page_id=102"},"modified":"2016-10-18T13:26:19","modified_gmt":"2016-10-18T11:26:19","slug":"baisser-consommation-denergie","status":"publish","type":"page","link":"https:\/\/pernolifont.fr\/index.php\/baisser-consommation-denergie\/","title":{"rendered":"Comment baisser sa consommation d\u2019\u00e9nergie?"},"content":{"rendered":"<h1>L&#8217;isolation d&#8217;une maison<\/h1>\n<p><a href=\"http:\/\/pernolifont.fr\/wp-content\/uploads\/2016\/10\/PERNO-LI-FONT-isolation-thermique-Carpentras.jpg\"><img loading=\"lazy\" class=\"size-full wp-image-103 aligncenter\" src=\"http:\/\/pernolifont.fr\/wp-content\/uploads\/2016\/10\/PERNO-LI-FONT-isolation-thermique-Carpentras.jpg\" alt=\"PERNO LI FONT isolation thermique Carpentras\" width=\"436\" height=\"275\" srcset=\"https:\/\/pernolifont.fr\/wp-content\/uploads\/2016\/10\/PERNO-LI-FONT-isolation-thermique-Carpentras.jpg 436w, https:\/\/pernolifont.fr\/wp-content\/uploads\/2016\/10\/PERNO-LI-FONT-isolation-thermique-Carpentras-300x189.jpg 300w, https:\/\/pernolifont.fr\/wp-content\/uploads\/2016\/10\/PERNO-LI-FONT-isolation-thermique-Carpentras-230x145.jpg 230w, https:\/\/pernolifont.fr\/wp-content\/uploads\/2016\/10\/PERNO-LI-FONT-isolation-thermique-Carpentras-350x221.jpg 350w\" sizes=\"(max-width: 436px) 100vw, 436px\" \/><\/a><\/p>\n<p>Pour obtenir une habitation \u00e9conomique en terme de consommation d\u2019\u00e9nergie, il faut limiter les pertes de chaleur. La qualit\u00e9 de l\u2019isolant et l\u2019\u00e9tanch\u00e9it\u00e9 \u00e0 l\u2019air est d\u00e9terminante. Les points particuliers \u00e0 traiter sont les liaisons entre murs, plancher et toiture, et l\u2019int\u00e9gration des menuiseries.<\/p>\n<p><a href=\"http:\/\/pernolifont.fr\/index.php\/menuiseries\/\" target=\"_blank\"><b><i>Le savoir-faire PERNO LI FONT pour la pose de menuiserie autour de Carpentras dans le Vaucluse.<\/i><\/b><\/a><\/p>\n<p><i>Dans une construction, les raccords entre les murs, les menuiseries, les volets roulants\u2026 sont toujours susceptibles de cr\u00e9er des infiltrations. La pose de fen\u00eatres demande beaucoup de pr\u00e9cision et de temps. Il faut r\u00e9gler les menuiseries pour que les joints appliquent parfaitement et placer des adh\u00e9sifs particuliers \u00e0 chaque jonction.<\/i><\/p>\n<h2>Pour limiter les besoins en chauffage, il faut r\u00e9aliser une enveloppe tr\u00e8s isolante et tr\u00e8s \u00e9tanche.<\/h2>\n<p>L\u2019association ,choix des mat\u00e9riaux, bonne isolation, travaux r\u00e9alis\u00e9s avec beaucoup de r\u00e9flexion et de pr\u00e9cision technique d\u00e9passera largement les exigences de la r\u00e9glementation thermique. Tous les ingr\u00e9dients de la performance thermique sont r\u00e9unis pour atteindre une consommation d\u2019\u00e9nergie minimale.<\/p>\n<p>Yves SALVADOR, g\u00e9rant de l\u2019entreprise PERNO LI FONT est tr\u00e8s attentif aux qualit\u00e9s des mat\u00e9riaux employ\u00e9s.<\/p>\n<p>La qualit\u00e9 de la mise en \u0153uvre de l\u2019enveloppe thermique est \u00e0 chaque fois \u00e9valu\u00e9e par un tr\u00e8s bon test d\u2019infiltrom\u00e9trie (norme de la RT2012)<\/p>\n","protected":false},"excerpt":{"rendered":"<p>L&#8217;isolation d&#8217;une maison Pour obtenir une habitation \u00e9conomique en terme de consommation d\u2019\u00e9nergie, il faut limiter les pertes de chaleur. La qualit\u00e9 de l\u2019isolant et l\u2019\u00e9tanch\u00e9it\u00e9 \u00e0 l\u2019air est d\u00e9terminante. Les points particuliers \u00e0 traiter sont les liaisons entre murs, plancher et toiture, et l\u2019int\u00e9gration des menuiseries. Le savoir-faire PERNO LI FONT pour la pose [&hellip;]<\/p>\n","protected":false},"author":1,"featured_media":0,"parent":0,"menu_order":0,"comment_status":"closed","ping_status":"closed","template":"","meta":[],"_links":{"self":[{"href":"https:\/\/pernolifont.fr\/index.php\/wp-json\/wp\/v2\/pages\/102"}],"collection":[{"href":"https:\/\/pernolifont.fr\/index.php\/wp-json\/wp\/v2\/pages"}],"about":[{"href":"https:\/\/pernolifont.fr\/index.php\/wp-json\/wp\/v2\/types\/page"}],"author":[{"embeddable":true,"href":"https:\/\/pernolifont.fr\/index.php\/wp-json\/wp\/v2\/users\/1"}],"replies":[{"embeddable":true,"href":"https:\/\/pernolifont.fr\/index.php\/wp-json\/wp\/v2\/comments?post=102"}],"version-history":[{"count":4,"href":"https:\/\/pernolifont.fr\/index.php\/wp-json\/wp\/v2\/pages\/102\/revisions"}],"predecessor-version":[{"id":122,"href":"https:\/\/pernolifont.fr\/index.php\/wp-json\/wp\/v2\/pages\/102\/revisions\/122"}],"wp:attachment":[{"href":"https:\/\/pernolifont.fr\/index.php\/wp-json\/wp\/v2\/media?parent=102"}],"curies":[{"name":"wp","href":"https:\/\/api.w.org\/{rel}","templated":true}]}}